t is the highest common factor of 21590 and 510?
170
Calculate the greatest common divisor of 1775 and 25.
25
What is the highest common factor of 65 and 12181?
13
What is the greatest common factor of 1166 and 44?
22
Calculate the greatest common factor of 49 and 14.
7
What is the highest common divisor of 922 and 6?
2
What is the highest common divisor of 11918 and 404?
202
Calculate the highest common divisor of 70 and 910.
70
Calculate the highest common factor of 18 and 4.
2
Calculate the greatest common divisor of 6164 and 1104.
92
Calculate the greatest common divisor of 35 and 55.
5
Calculate the greatest common factor of 11 and 275.
11
What is the greatest common factor of 8 and 332?
4
What is the highest common factor of 340 and 2635?
85
What is the highest common divisor of 6368 and 64?
32
What is the highest common divisor of 143 and 13?
13
What is the highest common divisor of 31 and 217?
31
What is the greatest common factor of 34 and 34?
34
Calculate the greatest common divisor of 252 and 1908.
36
Calculate the highest common factor of 5072 and 16.
16
Calculate the greatest common divisor of 35 and 2338.
7
Calculate the greatest common divisor of 24 and 2586.
6
What is the highest common factor of 150 and 525?
75
What is the highest common factor of 43 and 989?
43
Calculate the greatest common divisor of 224 and 728.
56
What is the greatest common factor of 25 and 125?
25
What is the greatest common factor of 40 and 136?
8
What is the highest common divisor of 49077 and 123?
123
Calculate the greatest common factor of 11 and 187.
11
What is the highest common divisor of 405 and 5?
5
Calculate the highest common divisor of 7 and 56.
7
What is the highest common factor of 5603 and 13?
13
What is the greatest common divisor of 6 and 2202?
6
Calculate the greatest common factor of 184 and 1311.
23
Calculate the greatest common divisor of 90 and 765.
45
Calculate the greatest common factor of 233 and 95297.
233
What is the greatest common divisor of 108 and 4356?
36
What is the highest common divisor of 11 and 473?
11
Calculate the greatest common divisor of 5251 and 177.
59
Calculate the greatest common factor of 40376 and 56.
56
Calculate the highest common divisor of 8 and 16784.
8
Calculate the greatest common factor of 274 and 4.
2
Calculate the highest common divisor of 1 and 2031.
1
What is the highest common factor of 74 and 6142?
74
What is the highest common factor of 39 and 16081?
13
What is the highest common divisor of 75 and 350?
25
What is the greatest common factor of 2675 and 1075?
25
What is the highest common divisor of 43 and 688?
43
Calculate the greatest common factor of 405 and 15.
15
What is the greatest common divisor of 627 and 6479?
209
What is the highest common factor of 6062 and 28?
14
Calculate the highest common factor of 80 and 140.
20
What is the greatest common factor of 3033 and 12?
3
What is the greatest common divisor of 3 and 177?
3
Calculate the highest common factor of 2030 and 6380.
290
What is the greatest common divisor of 833 and 42?
7
Calculate the greatest common divisor of 2479 and 481.
37
Calculate the greatest common factor of 5768 and 168.
56
Calculate the highest common divisor of 5348 and 126.
14
Calculate the highest common divisor of 114 and 78.
6
What is the greatest common factor of 4234 and 174?
58
Calculate the highest common divisor of 63 and 1197.
63
Calculate the greatest common divisor of 129 and 57.
3
Calculate the highest common divisor of 360 and 936.
72
Calculate the highest common divisor of 14101 and 239.
239
Calculate the highest common factor of 29192 and 89.
89
What is the highest common divisor of 12 and 1158?
6
What is the highest common divisor of 12 and 78?
6
Calculate the highest common divisor of 56 and 98.
14
Calculate the greatest common divisor of 15 and 6.
3
Calculate the greatest common factor of 23 and 12397.
23
Calculate the highest common divisor of 104 and 13.
13
Calculate the greatest common divisor of 925 and 1295.
185
Calculate the greatest common factor of 198 and 154.
22
Calculate the highest common factor of 221 and 2249.
13
What is the greatest common factor of 156 and 132?
12
What is the highest common factor of 153 and 6324?
51
What is the highest common divisor of 512 and 40?
8
What is the greatest common divisor of 575 and 25?
25
What is the greatest common factor of 134112 and 8?
8
Calculate the highest common factor of 28157 and 111.
37
Calculate the highest common factor of 7 and 2912.
7
What is the greatest common factor of 4186 and 91?
91
What is the greatest common divisor of 1 and 5?
1
What is the greatest common factor of 234 and 882?
18
What is the highest common factor of 160 and 10?
10
What is the greatest common divisor of 1007 and 53?
53
What is the greatest common divisor of 551 and 171?
19
What is the highest common factor of 1541 and 115?
23
What is the greatest common divisor of 5 and 415?
5
What is the greatest common factor of 749 and 7?
7
Calculate the greatest common factor of 5250 and 84.
42
Calculate the highest common divisor of 110 and 3003.
11
What is the highest common divisor of 9 and 1125?
9
Calculate the greatest common factor of 7146 and 18.
18
What is the highest common factor of 2 and 250?
2
Calculate the greatest common factor of 7 and 3787.
7
What is the greatest common factor of 5478 and 330?
66
Calculate the greatest common factor of 11 and 11.
11
What is the greatest common factor of 164 and 287?
41
Calculate the highest common divisor of 704 and 3190.
22
What is the greatest common divisor of 1280 and 280?
40
What is the greatest common factor of 16 and 272?
16
Calculate the greatest common divisor of 23 and 23.
23
What is the highest common factor of 2191 and 7?
7
Calculate the highest common factor of 54 and 243.
27
What is the greatest common divisor of 33 and 583?
11
Calculate the greatest common divisor of 203 and 1276.
29
Calculate the greatest common factor of 58 and 17487.
29
Calculate the highest common divisor of 1133 and 11.
11
Calculate the greatest common divisor of 19 and 209.
19
What is the highest common divisor of 28 and 406?
14
What is the highest common factor of 8 and 1208?
8
What is the highest common factor of 1820 and 52?
52
What is the highest common factor of 508 and 381?
127
What is the highest common factor of 78 and 1326?
78
What is the greatest common factor of 154 and 88?
22
Calculate the greatest common divisor of 297 and 2486.
11
What is the greatest common divisor of 2001 and 69?
69
Calculate the greatest common divisor of 11 and 22.
11
Calculate the greatest common factor of 259 and 224.
7
Calculate the greatest common factor of 1143 and 27.
9
What is the highest common factor of 165 and 66?
33
Calculate the greatest common factor of 4998 and 102.
102
Calculate the highest common divisor of 1849 and 43.
43
What is the greatest common divisor of 870 and 70?
10
What is the highest common factor of 230 and 20?
10
Calculate the greatest common factor of 22 and 1463.
11
What is the greatest common divisor of 60 and 210?
30
Calculate the highest common factor of 15 and 75780.
15
Calculate the highest common divisor of 1494 and 18.
18
What is the highest common divisor of 779 and 41?
41
Calculate the greatest common factor of 180 and 225.
45
What is the greatest common factor of 3 and 375?
3
What is the greatest common divisor of 1540 and 33?
11
Calculate the greatest common factor of 1240 and 186.
62
What is the greatest common divisor of 14 and 6202?
14
What is the greatest common divisor of 20 and 230?
10
Calculate the greatest common divisor of 105 and 30.
15
What is the greatest common factor of 21 and 525?
21
Calculate the highest common divisor of 200 and 24.
8
What is the greatest common divisor of 40 and 30?
10
What is the greatest common factor of 102 and 20247?
51
What is the greatest common divisor of 474 and 6?
6
What is the highest common divisor of 204 and 40?
4
What is the highest common divisor of 28 and 192?
4
What is the highest common factor of 3264 and 48?
48
What is the greatest common divisor of 15 and 245?
5
Calculate the highest common divisor of 42 and 3647.
7
What is the greatest common factor of 1056 and 3?
3
What is the greatest common fac